j + 5. List the prime factors of a(k).
5
Suppose 4*g + 1516 = 5*v - 292, 2*g = -v + 370. List the prime factors of v.
2, 7, 13
Let n(a) = 9*a**2 - 19*a - 5. Let b(w) = -5*w**2 + 9*w + 3. Let r(u) = -7*b(u) - 4*n(u). Let f = -5 - -15. What are the prime factors of r(f)?
29
Let d(s) = -s**3 - 36*s**2 + 49*s + 96. What are the prime factors of d(-39)?
2, 3, 229
Let s(c) = c**2 - 2*c - 5. Let y = 10 - 9. Let a be 3*(-2 + y) + -1. List the prime factors of s(a).
19
Suppose 2*z - 10 = 3*g - 41, 4*z - 4 = 0. Suppose g*v = 16*v - 915. What are the prime factors of v?
3, 61
Let t(o) = -6*o**3 + 1 - 9*o**2 + 9*o**3 + 0*o - 10*o. List the prime factors of t(5).
101
Let k = 28 + -28. Let z = -6 - k. Let q(y) = y**3 + 6*y**2 - 6*y + 7. What are the prime factors of q(z)?
43
Suppose 3*u - 2693 = 925. List the prime factors of u.
2, 3, 67
Let u = -976 + 1670. What are the prime factors of u?
2, 347
Suppose -5*k + 835 = 5*f, 0 = -3*f - 6*k + 7*k + 505. What are the prime factors of f?
2, 3, 7
Suppose 4*a + 3 - 14 = 3*j, -2*a - 5 = -5*j. Let w = j + 14. List the prime factors of w.
17
Let n(y) = 443*y**2 + 5*y - 3. What are the prime factors of n(1)?
5, 89
Suppose 7*x - 10*x - 3 = 0, -241 = -2*i + x. List the prime factors of i.
2, 3, 5
Let u = 97 + -394. Let f = -65 - u. What are the prime factors of f?
2, 29
Let h(b) = b**3 + 8*b**2 + b + 13. Let s be h(-8). Suppose d - 2*z = 5*d - 902, -1114 = -s*d + 2*z. What are the prime factors of d?
2, 7
What are the prime factors of ((-13)/3)/(16/(-6096))?
13, 127
Let k = 6424 + -2166. List the prime factors of k.
2, 2129
Suppose -4*o + 5 = -11. Let s be -3 - (-4 + o + -9). What are the prime factors of 3/18 - (-23)/s?
2
Let x(f) = f**3 + f**2 - 3*f + 5. Let q = 30 + -21. Suppose -3*z = -0*z + r - 3, -3*r = q. List the prime factors of x(z).
11
Let m(t) = 8*t**2 + 3 - 76*t + 85*t + 8*t**2. List the prime factors of m(-2).
7
Suppose -o + 6 = 4*j + o, -5*o - 24 = -3*j. Let w(d) = 3 + d - 2 + j. List the prime factors of w(7).
11
Let d be 10 - 5/((-10)/4). Let a be (3/(-9))/((-1)/d). Suppose 0 = -2*s, -a*q - s + 50 + 70 = 0. What are the prime factors of q?
2, 3, 5
Let k be (-1888)/10 - 1*2/10. List the prime factors of k/6*(6 - 8) - -2.
5, 13
Suppose k - 727 = 714. Suppose 9*q + 253 = k. List the prime factors of q.
2, 3, 11
Suppose -7 = 3*x + 3*u - 1, 6 = -5*x - 4*u. Suppose -12*n + 410 = -x*n. List the prime factors of n.
41
Let k be 15 - (-2 - (0 + 1)). Let r = 18 - k. Suppose g + r*c - 45 = 5*c, -2*g + 76 = 4*c. List the prime factors of g.
2, 5
Let g = 53 + 734. What are the prime factors of g?
787
Let s(p) = 2*p**2 - 4*p + 3. Let u be s(4). Let x = -17 + u. List the prime factors of x*-2*(-5 + 4).
2
Let v(z) = 12*z - 17. Let o be v(5). Let b = o - 20. List the prime factors of b.
23
Suppose 0 = m + 4*f - 2351, 4*m + 5*f - 9392 = f. What are the prime factors of m?
2347
Let m = 40 + -29. Let p = 13 - m. Suppose p*j + 21 = 3*j. List the prime factors of j.
3, 7
Suppose -27 - 33 = -5*f. Suppose -f*t + 14*t = 166. What are the prime factors of t?
83
Let t(w) = w + 13. Let n be t(-10). Let h(a) = n*a**2 - 2*a + 6*a + 1 - 8*a. List the prime factors of h(-3).
2, 5
List the prime factors of (27756/(-36))/(1 - 12/9).
3, 257
Let l be 132 - 40 - (3 + (-1 - 0)). Suppose -3*q = -l - 186. What are the prime factors of q?
2, 23
Let o(l) = l**2 + 2*l - 12. Let d be o(3). Suppose 2*q + 0*b + d*b = 194, -2*q - 2*b = -190. What are the prime factors of q?
7, 13
Suppose 0 = 2*s - l + 3*l - 474, -472 = -2*s - l. List the prime factors of s.
5, 47
Let s(a) be the second derivative of 11*a**4/4 - 2*a**3/3 + 5*a**2/2 + 32*a. List the prime factors of s(2).
3, 43
Suppose 0 = g - i + 2*i + 17, -i + 7 = -g. Let t be 135/6*g/(-15). Let u(b) = -b**3 + 18*b**2 + 2*b - 12. What are the prime factors of u(t)?
2, 3
Suppose 0 = -3*m - 3*l - 2*l + 1269, 2*m + 4*l - 848 = 0. What are the prime factors of m?
2, 11, 19
Suppose g + 0*f = -f + 8, -f - 27 = -4*g. Suppose -g = a + 40. Let h = a + 69. What are the prime factors of h?
2, 11
Suppose 2*k - 3*d - 251 = 896, -k + 566 = -3*d. List the prime factors of k.
7, 83
Let d be (16 + -13)*(-2)/3. List the prime factors of (-125)/(-2) - d/4.
3, 7
Let f(o) = 7*o + 17. Let z(h) = 8*h + 17. Let g(x) = -6*f(x) + 7*z(x). What are the prime factors of g(7)?
5, 23
What are the prime factors of (1/(-4))/(5/(-980))?
7
Suppose 4*o = o + 1356. What are the prime factors of o?
2, 113
Let k(t) = 6*t + 6. Let g be k(-3). List the prime factors of 14/((g/15)/(-2)).
5, 7
What are the prime factors of (13 - 20) + 6138/6?
2, 127
Suppose 0 = -0*c - 4*c + 2*m + 34, 3*c - 4*m = 33. Suppose -c*j = -3*j. Let d(h) = -h**2 + 3. List the prime factors of d(j).
3
What are the prime factors of (-63)/((3/(-80))/(2/8))?
2, 3, 5, 7
Suppose 0 = -8*o + 3*o. Suppose o = d - 0*l - 4*l - 1, -2*d - 10 = 4*l. What are the prime factors of 2/(3/(-333)*d)?
2, 37
Let c(p) = 15*p + 246. List the prime factors of c(20).
2, 3, 7, 13
Suppose 431*l - 432*l = -272. List the prime factors of l.
2, 17
Suppose -15 - 5 = -4*i. Suppose -2*y + 11 = p, -3*p + i = -y - 0*p. Let u = y - -5. What are the prime factors of u?
3
Let x(b) = -b**2 + 9*b + 6. Let j be x(7). Suppose -j*i = -15*i. Suppose 3*w - c - 204 = i, -4*w - 5*c + 204 = -w. List the prime factors of w.
2, 17
Let t = 263 - 157. Suppose 5*o - 10 = 0, b - 2*o + 7*o - 66 = 0. Let k = t - b. What are the prime factors of k?
2, 5
Let c(l) be the third derivative of -5*l**4/24 - 5*l**3/6 + 6*l**2. What are the prime factors of c(-5)?
2, 5
Let c(n) = n - 2. Let p be c(3). Let f be p*(5 + -1)*9. What are the prime factors of (0 + 1)*(f + -6)?
2, 3, 5
Let o(y) be the second derivative of y**6/72 - y**5/60 - y**4/24 + 11*y**3/6 + 12*y. Let l(n) be the second derivative of o(n). List the prime factors of l(-2).
23
Suppose 121*b - 2034 = 118*b. List the prime factors of b.
2, 3, 113
Suppose 5*j = -s + 7, -7*s + 3*j + 5 = -3*s. Suppose -5*a + 222 = -2*x, -3*x = a + s*x - 66. List the prime factors of a.
2, 23
Let w(f) = -f**3 + 4*f**2 + 25*f + 34. List the prime factors of w(-7).
2, 199
Suppose -3*w - 3*o + 66 = 0, 0 = 2*w + w + o - 64. Let q be (-98)/w + (-2)/(-3). List the prime factors of 18 + 3 + q/2.
19
Let b(d) = -d**2 - 8*d + 9. Let y be b(-8). What are the prime factors of (12/y)/((-2)/(-69))?
2, 23
Let j(v) = -v**3 + 17*v**2 - 11*v - 45. Let a be j(16). Suppose -a*q = -45*q + 1710. List the prime factors of q.
3, 19
Let x be (-58)/(-18) - 8/36. Suppose w = -f + x*w + 15, -20 = -f - 3*w. List the prime factors of 12/(-48) + f/4.
2
Let d(s) = -4*s. Let c be d(-1). Suppose -29 + 245 = -c*k. List the prime factors of 1*1/(-2)*k.
3
Let y(r) be the second derivative of 0 + 1/2*r**2 + 6*r + 7/2*r**4 - 1/3*r**3. What are the prime factors of y(1)?
41
Let y(v) = -24*v. Let a be y(-1). Suppose 2*p - 4*r = -a, 3*p = -p - 2*r - 8. List the prime factors of 6*p/(-8) + 22.
5
Suppose -2*h + 8 = 2*t - 6, -h + 2*t - 2 = 0. Suppose -8*y = -h*y - 220. Suppose y = 3*s - 5. What are the prime factors of s?
2, 5
Let r(z) = 11*z**2 - z - 1. Let f(c) = 8*c + 6*c**3 + 14 + 7*c**2 - 9*c**3 + 4*c**3. Let n be f(-6). What are the prime factors of r(n)?
41
Let d be 1 + -5 - -2 - 27. Let f = 20 + d. Let p(x) = -x + 9. List the prime factors of p(f).
2, 3
Let c(w) be the third derivative of -3*w**4/8 - 5*w**3/6 + 11*w**2. List the prime factors of c(-2).
13
Let o(n) = -2*n**3 - n. Let b be o(2). Let g = 57 + b. What are the prime factors of g?
3, 13
Suppose 3*x - 6*a - 4133 = -5*a, -5*a + 20 = 0. Suppose 5*t - x = 11. What are the prime factors of t?
2, 139
Suppose 5*c + 395 = s - 415, 0 = -3*s + c + 2402. What are the prime factors of s?
2, 5
Let x = 146 + 999. What are the prime factors of x?
5, 229
Suppose -3*i = -4*v + 1903, -1836 = -5*v - 5*i + 534. List the prime factors of v.
5, 19
Suppose 7*h = 1838 + 2894. List the prime factors of h.
2, 13
Let j be 4*(65/90 - (-4)/(-18)). Suppose j*g + 5*y = -3*g + 140, 0 = 3*y. What are the prime factors of g?
2, 7
Let a(r) = -3*r**2 - 3*r + 3 - 4*r + 0 + 2*r. Let c be a(-4). Let u = -18 - c. List the prime factors of u.
7
Suppose 2*f - 3*f = -g - 56, 2*g = -4*f + 200. Suppose -3*p = p - f. What are the prime factors of p?
13
Let b be 3/2*2*23086/(-21). List the prime factors of (-